 = -l - 2*l - 4*n + 708. Calculate the greatest common divisor of 174 and l.
58
Suppose 0 = 2*b - 62 - 16. Suppose 165 = 7*g + b. Suppose 5*o - 5*j - 131 = -j, 5*o = -j + 136. Calculate the greatest common factor of o and g.
9
Let n(t) = -t**3 - 13*t**2 - 30*t - 128. Let d be n(-22). What is the greatest common divisor of d and 47?
47
Let f = 4882 + -2034. What is the greatest common divisor of 64 and f?
32
Suppose 109*i = 85*i + 1029216. What is the highest common divisor of 284 and i?
284
Let i(y) = -169 + 289*y + y**2 + 0*y**2 - 28 - 296*y. Let c be i(25). What is the greatest common divisor of c and 23?
23
Suppose -4*a + 5*h - 34 = -30, -2*h = 4*a - 24. What is the highest common divisor of 458 and a?
2
Let l = 1216 + -1189. What is the highest common factor of 153 and l?
9
Suppose 16*g - 43 = 37. Suppose 331 = g*v + 86. What is the greatest common factor of v and 91?
7
Let z be (1 + 1)*-1 + 90. Let y = 21043 - 21032. Calculate the greatest common factor of z and y.
11
Let s(g) = g**2 + g**2 + 2*g - g + 0*g. Let z be s(-2). Let m = -716 + 770. What is the highest common divisor of z and m?
6
Let s(o) = 9*o**3 - 40*o**2 + 5*o + 3. Let m be s(5). Suppose -7*n = 3*b - 5*n - 104, -3*n = 2*b - 71. What is the greatest common divisor of m and b?
17
Let j(i) = 12*i + 17. Let y(b) = -11*b - 16. Let s(x) = -3*j(x) - 4*y(x). Suppose f + 4 - 12 = 0. Let g be s(f). Calculate the highest common factor of 7 and g.
7
Let j(u) = u**2 + 24*u - 60. Let g be j(-28). Suppose -5*p + 8 = -g. Calculate the greatest common factor of 384 and p.
12
Suppose 9*c = -24526 + 24823. Calculate the highest common factor of 2079 and c.
33
Let o = -25 + 49. Let b(j) = j**2 - 23*j - 16. Let h be b(o). Calculate the highest common factor of h and 52.
4
Let n be 32/30*288/64*(-3100)/(-30). Suppose 0 = -3*s + v - 5*v + 28, 4*s - 5*v = 89. Calculate the highest common factor of n and s.
16
Let a(m) = -13*m**3 - 94*m**2 - 28*m + 35. Let r be a(-10). What is the greatest common divisor of r and 675?
135
Let p be (4668/1945)/(1 + 203/(-205)). What is the greatest common divisor of 24 and p?
6
Let j be (-8403)/(-12) - (-1)/(-4). Let r(x) = -x**3 - 34*x**2 + 264*x - 317. Let c be r(5). What is the highest common divisor of j and c?
28
Suppose 375 = 5*a + u, u - 147 = 4*a - 6*a. Let g = a - 91. Let b be 4*g*2/(-5). Calculate the highest common factor of 96 and b.
24
Let v(m) = 6*m + 84. Let q be v(-14). Suppose 5*x + a - 1238 = 811, 5*x - 5*a - 2055 = q. Calculate the greatest common factor of x and 10.
10
Let w = -271 - -181. Let x = -84 - -5. Let t = x - w. Calculate the greatest common factor of t and 55.
11
Let q(p) = -208*p - 2114. Let j be q(-14). Calculate the highest common divisor of 154 and j.
14
Let i = -3682 + 3726. What is the greatest common factor of i and 4972?
44
Suppose 3*f - 11 = -5*i, 8*i + 58 = 4*f + 6*i. Calculate the highest common divisor of 44 and f.
4
Let o(r) = 17*r**2 - 172*r + 48. Let k be o(-4). Calculate the greatest common factor of 4788 and k.
252
Let a(j) = -j + 2. Let p be a(-5). Let r = -72 - -72. Let u be 1940/25 - r - (-3)/(-5). Calculate the highest common divisor of p and u.
7
Let u = -9546 - -10213. What is the greatest common divisor of u and 713?
23
Let z = 2401 - 793. What is the highest common factor of 32 and z?
8
Suppose 5*a + 5*z = 3*a + 101, a = 5*z + 43. Let m = -19 - -58. Let q = a - m. What is the highest common divisor of 3 and q?
3
Let m be (-6)/(-5)*120/72. Let z be 22/m - 2*(-2)/4. What is the greatest common factor of z and 48?
12
Suppose 3*p - 4*p - 332 = -2*h, -3*h - 2*p = -512. What is the greatest common divisor of 1944 and h?
24
Let p = 1172 + -1160. What is the greatest common factor of 172 and p?
4
Suppose -2*p = -3*h + 43, 0 = -3*h + 38*p - 131 + 30. Calculate the greatest common divisor of 8857 and h.
17
Let u be (-4)/70 - 40893/(-4515). What is the greatest common divisor of 13491 and u?
9
Suppose -2 = 78*m - 76*m, -4*v = 3*m - 21. Calculate the greatest common divisor of 546 and v.
6
Let d(v) = -v**3 + 2*v**2 - 4*v - 10. Let p be d(-7). Let g = -149136 - -149163. Calculate the greatest common factor of p and g.
27
Suppose -2837*h + 2855*h - 64080 = 0. Calculate the greatest common factor of h and 110.
10
Let v(u) = 2*u**3 + 2*u**2 - 9*u + 3545. Let f be v(0). Calculate the greatest common divisor of 5 and f.
5
Let x(u) = u**2 - 7*u - 164. Let t be x(-11). Suppose -7*r = -3*r - 8. Calculate the greatest common divisor of r and t.
2
Let p = -113 - -97. Let a(k) = -19*k + 81. Let w be a(p). Let z = 54 + -19. Calculate the highest common divisor of w and z.
35
Suppose -24*k + 14294 + 16114 = 0. What is the greatest common divisor of k and 543?
181
Suppose 2*d + 0*h - 450 = -3*h, 4*h = 3*d - 675. What is the greatest common factor of 25 and d?
25
Let v(g) = -14*g**3 + g. Let o be v(-1). Suppose 5*a + 0*a + c = 12, -c = -a. Let n be -13*1/(-2)*a. What is the greatest common factor of n and o?
13
Suppose 86*c = 5*c + 96914 + 28474. What is the greatest common factor of c and 324?
36
Let o(z) = -2*z**3 - 89*z**2 - 46*z - 52. Let n be o(-44). What is the highest common factor of 64 and n?
4
Let j(h) = 4*h**3 - 17*h**2 + 107*h + 30. Let g be j(9). Calculate the greatest common divisor of g and 12.
12
Let l be (-2)/12 + 6457/(-66). Let g = -87 - l. Suppose -o = -4*n + 2*n + 180, 0 = 2*o + 8. Calculate the greatest common divisor of n and g.
11
Suppose w = 3*y - 3690, -9*y + 2*w = -4*y - 6148. Calculate the highest common factor of 448 and y.
112
Let x be ((-3960)/(-108))/((-6)/15 + (-1379)/(-3360)). Calculate the greatest common factor of x and 2560.
320
Let r(w) = -w**3 - 12*w**2 + 11*w - 51. Let b be r(-14). Let q be b - (-6 - -5 - 4). What is the highest common factor of q and 64?
64
Let h be 77 - -8 - 0/(-2). Let d be (3 + (-27)/15)/((-9)/(-30)). Let u be ((-34)/8)/(d - (-34)/(-8)). What is the highest common divisor of h and u?
17
Let c be (660/(-550))/(3 - 51/15). Let a = 12 + -8. Suppose -a*g + 31 = c*m - 2*g, m = 4*g - 13. What is the highest common factor of 175 and m?
7
Let d = -3214 + 3403. Calculate the greatest common divisor of d and 1701.
189
Let u(h) = 35*h**3 + 2*h**2 - h - 1. Suppose -7*z = -5*z + 78. Let m = z + 40. Let j be u(m). Calculate the greatest common divisor of j and 175.
35
Let l = 761737 + -761668. Suppose -3*g - 2*g + 115 = 0. What is the greatest common factor of l and g?
23
Let g(l) = 473*l + 5781. Let t be g(-12). Calculate the highest common factor of 336 and t.
21
Let x(c) = -65*c - 24. Let g be x(-6). Let j be 3*(-6)/(-27) + g/18. Let s be 40 + 3 + 1 + -2. What is the greatest common divisor of j and s?
21
Let n be (-7 + (-6)/(-3))/((-695)/973). Suppose 5*g + b = 386, 5*g + 2*b - 384 = 3*b. Calculate the highest common factor of g and n.
7
Let v(h) = h**3 + 19*h**2 + 90*h + 79. Let d be v(-7). Let q = -86 + 271. What is the highest common divisor of d and q?
37
Suppose 0 = -4*m + 3*j + 1647, 326*m - j + 1659 = 330*m. What is the greatest common factor of m and 2806?
46
Let f(k) = k + 11. Suppose 5*s - 7 = -42. Let n be f(s). Calculate the highest common divisor of 1 and n.
1
Let f be (-1)/8 + (-230)/80. Let g be (-2)/(f + 1)*27. What is the highest common factor of 12 and g?
3
Let n = 391 - 400. Let m be 4 + 13/(-3) + (-147)/n. What is the highest common divisor of m and 14?
2
Suppose -4*z + 224 = 2*u, -5*z - 98 = u - 2*u. Let i be 153 - (9 + -10 - -10). Calculate the highest common factor of u and i.
36
Let k be (-11)/(-6) - (4 + 50/(-12)). Suppose -4*t - 2 = k*v, -3*v + 5*t + 0 = 3. Let y be 20/((-4)/(v + -3)). What is the highest common divisor of 60 and y?
20
Suppose -19*w - 15*w + 208 = -18*w. What is the greatest common divisor of 19201 and w?
13
Suppose -108*s + 6975 = -15*s. What is the highest common divisor of 9600 and s?
75
Let j be 387 + (-2 - (-5)/2)*8. Suppose -3243 = z - 57*z + 621. Calculate the highest common factor of j and z.
23
Suppose -15*f - 39*f + 1080 = 0. Let s be 14 + (-2*f/8 - -8). What is the greatest common factor of s and 8?
1
Suppose -2*j = -12, 7*s - 3*j = 3*s + 146. What is the greatest common divisor of s and 943?
41
Let n = -3291 + 3693. What is the highest common factor of 871 and n?
67
Suppose -9801 = -22*m - 275. Let j = -309 + m. What is the highes